{"id":117,"date":"2012-09-12T21:25:58","date_gmt":"2012-09-12T19:25:58","guid":{"rendered":"https:\/\/diarrea.eu\/?page_id=32"},"modified":"2017-04-21T13:27:57","modified_gmt":"2017-04-21T11:27:57","slug":"cure-farmacologiche","status":"publish","type":"page","link":"https:\/\/diarrea.eu\/?page_id=117","title":{"rendered":"Le cure farmacologiche"},"content":{"rendered":"<p dir=\"ltr\" style=\"text-align: justify;\">La diarrea \u00e8 un espressione di un processo patologico sottostante che deve essere individuato e trattato.<\/p>\n<p dir=\"ltr\" style=\"text-align: justify;\">L\u2019antidiarroico pu\u00f2 essere solo una misura palliativa finch\u00e8 l\u2019organismo stesso o il medico non vi pongano rimedio. La diarrea disturba anzitutto l\u2019equilibrio idro-elettrolitico (sali, acqua) pertanto come primo intervento, prima di somministrare antidiarroici, si procede alla reintregrazione di liquidi, sali e zuccheri; molto efficaci sono anche brodi (animali o vegetali) e tisane. Esistono anche soluzioni reidratanti orali contenenti elettroliti e glucosio e nei casi pi\u00f9 gravi si pu\u00f2 ricorrere all\u2019uso di elettrolitiche per via endovenosa.<\/p>\n<p dir=\"ltr\" style=\"text-align: justify;\">In caso di diarrea acuta da infezione batterica si pu\u00f2 fare uso di probiotici; l\u2019uso degli antibiotici pu\u00f2 venire preso in considerazione in caso di diarrea persistente in cui si \u00e8 individuato il microorganismo responsabile. Il ricorso agli antibiotici \u00e8 necessario in persone immunodeficenti, con neoplasie, portatori di protesi\u00a0ortopediche o vascolari.<\/p>\n<div>\n<div style=\"text-align: justify;\">L\u2019uso di antidiarroici (antimuscarinici ed altri) va considerato con molta cautela poich\u00e8 non agiscono a livello del processo patologico causale; nelle diarree infettive possono causare complicazioni serie quali perforazione intestinale e megacolon. Si possono utilizzare saltuariamente in caso di malattia diverticolare o sindrome del colon irritabile; l\u2019uso di questi prodotti \u00e8 sconsigliato per bambini e anziani.<\/div>\n<p dir=\"ltr\" style=\"text-align: justify;\">Spesso la diarrea tende ad autorisolversi senza bisogno di farmaci o trattamenti; in caso contrario prima di iniziare una terapia va consultato il medico a cui spetta scegliere il principio attivo pi\u00f9 indicato per il paziente in relazione alla gravit\u00e0 della malattia, allo stato di salute del malato e alla sua reazione alla cura.<\/p>\n<p dir=\"ltr\" style=\"text-align: justify;\">Di seguito le classi di farmaci pi\u00f9 usate nella terapia contro la diarrea.<\/p>\n<p dir=\"ltr\" style=\"text-align: justify;\"><strong>Inibitori della mobilit\u00e0 intestinale (antidiarroici)<\/strong>: sono da utilizzare in caso di diarrea acuta, complicata o meno. Bisogna puntualizzare che l\u2019assunzione degli antidiarroici non cura la patologia sottostante alla diarrea ma ne cura semplicemente i sintomi. Qualora la diarrea fosse accompagnata da disidratazione si consiglia di assumere soluzioni elettrolitiche per via endovenosa.<\/p>\n<p dir=\"ltr\" style=\"text-align: justify;\"><strong>Lactobacillus acidophilus (es Lacteol forte)<\/strong>: \u00e8 un antidiarroico di origine microbica costituito da microbi inattivati di lactobacillus acidophilus; \u00e8 particolarmente indicato per il trattamento della diarrea associata a dispepsia o colite, specie nel neonato.<\/p>\n<p dir=\"ltr\" style=\"text-align: justify;\"><strong>Bismuto salicilato<\/strong>: la posologia di questo antidiarroico usato anche per la cura della gastrite varia dagli 87 ai 262 mg da assumere ogni 30\/60 minuti al bisogno; questo farmaco \u00e8 di norma indicato nella diarrea dei bambini.<\/p>\n<p dir=\"ltr\" style=\"text-align: justify;\"><strong>Saccharomyces boulardii lyo<\/strong>: questo antidiarroico probiotico \u00e8 indicato nella cura della diarrea acuta<\/p>\n<p dir=\"ltr\" style=\"text-align: justify;\"><strong>Loperamide (es Imodium)<\/strong>.<\/p>\n<p dir=\"ltr\" style=\"text-align: justify;\"><strong>Difenoxilato<\/strong>.<\/p>\n<p dir=\"ltr\" style=\"text-align: justify;\"><strong>Codeina (es Hederix plan,Codein f fn)<\/strong>: oltre che per curare la tosse la codeina viene talvolta usata in terapia per il trattamento della diarrea acuta, non complicata.<\/p>\n<p dir=\"ltr\" style=\"text-align: justify;\"><strong>Antispastici e Anticolinergici<\/strong>: questi farmaci non sono utilizzati in prima linea per la cura della diarrea ma sono indicati per ridurre i sintomi che accompagnano il disturbo come dolori addominali e crampi; i pi\u00f9 indicati sono: scopolamina (es addofix,erion) particolarmente indicato per dare sollievo sintomatico a disturbi gastrointestinali (spasmo della muscolatura liscia).<\/p>\n<p dir=\"ltr\" style=\"text-align: justify;\"><strong>Alverina citrato<\/strong>.<\/p>\n<p dir=\"ltr\" style=\"text-align: justify;\"><strong>Atropina solfato (es Atropina lux)<\/strong>: utile in caso di spasmo della muscolatura liscia,si sommonistra per iniezione sottocutanea.<\/p>\n<p dir=\"ltr\" style=\"text-align: justify;\"><strong>Antiemetici<\/strong>: vengono usati in caso di vomito ma non costituiscono il trattamento di prima linea per la cura della diarrea; sono sconsigliati nei bambini.<\/p>\n<p dir=\"ltr\" style=\"text-align: justify;\"><strong>Antibiotici a largo spettro<\/strong>: sono indicati in caso di diarrea dovuta a infezioni batteriche; gli antibiotici non vengono usati per il trattamento della diarrea associata a gastroenteriti semplici, anche in caso di presunta infezione batterica, dato che tende a risolversi da s\u00e8 in pochi giorni (solo se l\u2019infezione \u00e8 accertata il medico pu\u00f2 prescrivere farmaci antibiotici).<\/p>\n<p dir=\"ltr\" style=\"text-align: justify;\">Uno dei problemi pi\u00f9 frequenti legati alla diarrea \u00e8 la modulazione dell\u2019assorbimento dei principi attivi; la posologia del farmaco che si sta assumendo dovr\u00e0 essere modificata dal medico poich\u00e8 la diarrea pu\u00f2 favorire l\u2019espulsione del principio attivo ancora prima che l\u2019organismo possa assorbirlo.<\/p>\n<p dir=\"ltr\" style=\"text-align: justify;\">Ci sono in vendita senza ricetta \u00a0\u00a0antidiarroici che agiscono in modo diverso per ridurre i sintomi ma non intervengono sulle cause del disturbo.<\/p>\n<p dir=\"ltr\" style=\"text-align: justify;\"><strong>Antispastici (antipropulsivi)<\/strong>: gli antipropulsivi come Loporamide riducono le contrazioni dell\u2019intestino in modo che il passaggio delle feci risulti rallentato e possa essere acquisita una quantit\u00e0 di acqua maggiore.<\/p>\n<p dir=\"ltr\" style=\"text-align: justify;\"><strong>Le sostanze rigonfianti o adsorbenti (carbone attivo)<\/strong>: hanno la funzione di assorbire l\u2019acqua presente nell\u2019intestino e le sostanze irritanti che provocano la diarrea.<\/p>\n<p style=\"text-align: justify;\"><span style=\"text-decoration: underline;\">Non si devono mai associare due antidiarroici diversi (antipropulsivo e una sostanza rigonfiante) perch\u00e8 l\u2019effetto delle due sostanze pu\u00f2 provocare un\u2019ostruzione dell\u2019intestino.<\/span><\/p>\n<\/div>\n<div class=\"post\">\n<p class=\"entry\"><em><span style=\"color: #c0c0c0;\">I contenuti presenti nel sito sono a solo scopo informativo. Fate sempre riferimento alle indicazioni del vostro medico curante<\/span>.<\/em><\/p>\n<\/div>\n","protected":false},"excerpt":{"rendered":"<div class=\"mh-excerpt\"><p>La diarrea \u00e8 un espressione di un processo patologico sottostante che deve essere individuato e trattato. L\u2019antidiarroico pu\u00f2 essere solo una misura palliativa finch\u00e8 l\u2019organismo <a class=\"mh-excerpt-more\" href=\"https:\/\/diarrea.eu\/?page_id=117\" title=\"Le cure farmacologiche\">[&#8230;]<\/a><\/p>\n<\/div>","protected":false},"author":0,"featured_media":0,"parent":0,"menu_order":0,"comment_status":"open","ping_status":"open","template":"","meta":{"footnotes":""},"class_list":["post-117","page","type-page","status-publish","hentry"],"yoast_head":"<!-- This site is optimized with the Yoast SEO plugin v27.0 - https:\/\/yoast.com\/product\/yoast-seo-wordpress\/ -->\n<title>Le cure farmacologiche - Diarrea - Cause, Sintomi, Forme e Rimedi<\/title>\n<meta name=\"description\" content=\"Le cure farmacologiche pi\u00f9 indicate in caso di diarrea.\" \/>\n<meta name=\"robots\" content=\"index, follow, max-snippet:-1, max-image-preview:large, max-video-preview:-1\" \/>\n<link rel=\"canonical\" href=\"https:\/\/diarrea.eu\/?page_id=117\" \/>\n<meta property=\"og:locale\" content=\"it_IT\" \/>\n<meta property=\"og:type\" content=\"article\" \/>\n<meta property=\"og:title\" content=\"Le cure farmacologiche - Diarrea - Cause, Sintomi, Forme e Rimedi\" \/>\n<meta property=\"og:description\" content=\"Le cure farmacologiche pi\u00f9 indicate in caso di diarrea.\" \/>\n<meta property=\"og:url\" content=\"https:\/\/diarrea.eu\/?page_id=117\" \/>\n<meta property=\"og:site_name\" content=\"Diarrea - Cause, Sintomi, Forme e Rimedi\" \/>\n<meta property=\"article:modified_time\" content=\"2017-04-21T11:27:57+00:00\" \/>\n<meta name=\"twitter:card\" content=\"summary_large_image\" \/>\n<meta name=\"twitter:label1\" content=\"Tempo di lettura stimato\" \/>\n\t<meta name=\"twitter:data1\" content=\"4 minuti\" \/>\n<script type=\"application\/ld+json\" class=\"yoast-schema-graph\">{\"@context\":\"https:\/\/schema.org\",\"@graph\":[{\"@type\":\"WebPage\",\"@id\":\"https:\/\/diarrea.eu\/?page_id=117\",\"url\":\"https:\/\/diarrea.eu\/?page_id=117\",\"name\":\"Le cure farmacologiche - Diarrea - Cause, Sintomi, Forme e Rimedi\",\"isPartOf\":{\"@id\":\"https:\/\/diarrea.eu\/#website\"},\"datePublished\":\"2012-09-12T19:25:58+00:00\",\"dateModified\":\"2017-04-21T11:27:57+00:00\",\"description\":\"Le cure farmacologiche pi\u00f9 indicate in caso di diarrea.\",\"breadcrumb\":{\"@id\":\"https:\/\/diarrea.eu\/?page_id=117#breadcrumb\"},\"inLanguage\":\"it-IT\",\"potentialAction\":[{\"@type\":\"ReadAction\",\"target\":[\"https:\/\/diarrea.eu\/?page_id=117\"]}]},{\"@type\":\"BreadcrumbList\",\"@id\":\"https:\/\/diarrea.eu\/?page_id=117#breadcrumb\",\"itemListElement\":[{\"@type\":\"ListItem\",\"position\":1,\"name\":\"Home\",\"item\":\"https:\/\/diarrea.eu\/\"},{\"@type\":\"ListItem\",\"position\":2,\"name\":\"Le cure farmacologiche\"}]},{\"@type\":\"WebSite\",\"@id\":\"https:\/\/diarrea.eu\/#website\",\"url\":\"https:\/\/diarrea.eu\/\",\"name\":\"Diarrea - Cause, Sintomi, Forme e Rimedi\",\"description\":\"\",\"publisher\":{\"@id\":\"https:\/\/diarrea.eu\/#organization\"},\"potentialAction\":[{\"@type\":\"SearchAction\",\"target\":{\"@type\":\"EntryPoint\",\"urlTemplate\":\"https:\/\/diarrea.eu\/?s={search_term_string}\"},\"query-input\":{\"@type\":\"PropertyValueSpecification\",\"valueRequired\":true,\"valueName\":\"search_term_string\"}}],\"inLanguage\":\"it-IT\"},{\"@type\":\"Organization\",\"@id\":\"https:\/\/diarrea.eu\/#organization\",\"name\":\"Diarrea - Cause, Sintomi, Forme e Rimedi\",\"url\":\"https:\/\/diarrea.eu\/\",\"logo\":{\"@type\":\"ImageObject\",\"inLanguage\":\"it-IT\",\"@id\":\"https:\/\/diarrea.eu\/#\/schema\/logo\/image\/\",\"url\":\"https:\/\/diarrea.eu\/wp-content\/uploads\/2017\/02\/cropped-diarr-1.png\",\"contentUrl\":\"https:\/\/diarrea.eu\/wp-content\/uploads\/2017\/02\/cropped-diarr-1.png\",\"width\":69,\"height\":67,\"caption\":\"Diarrea - Cause, Sintomi, Forme e Rimedi\"},\"image\":{\"@id\":\"https:\/\/diarrea.eu\/#\/schema\/logo\/image\/\"}}]}<\/script>\n<!-- \/ Yoast SEO plugin. -->","yoast_head_json":{"title":"Le cure farmacologiche - Diarrea - Cause, Sintomi, Forme e Rimedi","description":"Le cure farmacologiche pi\u00f9 indicate in caso di diarrea.","robots":{"index":"index","follow":"follow","max-snippet":"max-snippet:-1","max-image-preview":"max-image-preview:large","max-video-preview":"max-video-preview:-1"},"canonical":"https:\/\/diarrea.eu\/?page_id=117","og_locale":"it_IT","og_type":"article","og_title":"Le cure farmacologiche - Diarrea - Cause, Sintomi, Forme e Rimedi","og_description":"Le cure farmacologiche pi\u00f9 indicate in caso di diarrea.","og_url":"https:\/\/diarrea.eu\/?page_id=117","og_site_name":"Diarrea - Cause, Sintomi, Forme e Rimedi","article_modified_time":"2017-04-21T11:27:57+00:00","twitter_card":"summary_large_image","twitter_misc":{"Tempo di lettura stimato":"4 minuti"},"schema":{"@context":"https:\/\/schema.org","@graph":[{"@type":"WebPage","@id":"https:\/\/diarrea.eu\/?page_id=117","url":"https:\/\/diarrea.eu\/?page_id=117","name":"Le cure farmacologiche - Diarrea - Cause, Sintomi, Forme e Rimedi","isPartOf":{"@id":"https:\/\/diarrea.eu\/#website"},"datePublished":"2012-09-12T19:25:58+00:00","dateModified":"2017-04-21T11:27:57+00:00","description":"Le cure farmacologiche pi\u00f9 indicate in caso di diarrea.","breadcrumb":{"@id":"https:\/\/diarrea.eu\/?page_id=117#breadcrumb"},"inLanguage":"it-IT","potentialAction":[{"@type":"ReadAction","target":["https:\/\/diarrea.eu\/?page_id=117"]}]},{"@type":"BreadcrumbList","@id":"https:\/\/diarrea.eu\/?page_id=117#breadcrumb","itemListElement":[{"@type":"ListItem","position":1,"name":"Home","item":"https:\/\/diarrea.eu\/"},{"@type":"ListItem","position":2,"name":"Le cure farmacologiche"}]},{"@type":"WebSite","@id":"https:\/\/diarrea.eu\/#website","url":"https:\/\/diarrea.eu\/","name":"Diarrea - Cause, Sintomi, Forme e Rimedi","description":"","publisher":{"@id":"https:\/\/diarrea.eu\/#organization"},"potentialAction":[{"@type":"SearchAction","target":{"@type":"EntryPoint","urlTemplate":"https:\/\/diarrea.eu\/?s={search_term_string}"},"query-input":{"@type":"PropertyValueSpecification","valueRequired":true,"valueName":"search_term_string"}}],"inLanguage":"it-IT"},{"@type":"Organization","@id":"https:\/\/diarrea.eu\/#organization","name":"Diarrea - Cause, Sintomi, Forme e Rimedi","url":"https:\/\/diarrea.eu\/","logo":{"@type":"ImageObject","inLanguage":"it-IT","@id":"https:\/\/diarrea.eu\/#\/schema\/logo\/image\/","url":"https:\/\/diarrea.eu\/wp-content\/uploads\/2017\/02\/cropped-diarr-1.png","contentUrl":"https:\/\/diarrea.eu\/wp-content\/uploads\/2017\/02\/cropped-diarr-1.png","width":69,"height":67,"caption":"Diarrea - Cause, Sintomi, Forme e Rimedi"},"image":{"@id":"https:\/\/diarrea.eu\/#\/schema\/logo\/image\/"}}]}},"_links":{"self":[{"href":"https:\/\/diarrea.eu\/index.php?rest_route=\/wp\/v2\/pages\/117","targetHints":{"allow":["GET"]}}],"collection":[{"href":"https:\/\/diarrea.eu\/index.php?rest_route=\/wp\/v2\/pages"}],"about":[{"href":"https:\/\/diarrea.eu\/index.php?rest_route=\/wp\/v2\/types\/page"}],"replies":[{"embeddable":true,"href":"https:\/\/diarrea.eu\/index.php?rest_route=%2Fwp%2Fv2%2Fcomments&post=117"}],"version-history":[{"count":1,"href":"https:\/\/diarrea.eu\/index.php?rest_route=\/wp\/v2\/pages\/117\/revisions"}],"predecessor-version":[{"id":156,"href":"https:\/\/diarrea.eu\/index.php?rest_route=\/wp\/v2\/pages\/117\/revisions\/156"}],"wp:attachment":[{"href":"https:\/\/diarrea.eu\/index.php?rest_route=%2Fwp%2Fv2%2Fmedia&parent=117"}],"curies":[{"name":"wp","href":"https:\/\/api.w.org\/{rel}","templated":true}]}}